or of 1652 and o?
28
Let b be 72676/126 + 10/(-45) + (-84)/147. What is the greatest common factor of b and 512?
64
Suppose -95*o - 305775 = -170*o. Calculate the highest common divisor of 27 and o.
27
Let y(v) = 33*v + 455. Let r be y(-5). What is the greatest common divisor of 58 and r?
58
Suppose 9*c + 7910 = 8036. Suppose -12 = 4*s - 6*s. Suppose -3*v + s*v - 12 = 0. Calculate the greatest common divisor of v and c.
2
Let j = 13 + 43. Suppose -1092 = 5*t + 9*m - 10*m, -5*t - 1098 = -4*m. Let l = -211 - t. What is the highest common divisor of l and j?
7
Let u = -4098 + 4298. Calculate the highest common divisor of u and 35.
5
Suppose -9*b + 45 = -90. Let j be (210/(-4))/(24/(-64)). Suppose 11*l = b*l - j. Calculate the highest common factor of 14 and l.
7
Let m = 6796 + -4679. Calculate the highest common divisor of 365 and m.
73
Let c(h) = 124*h**2 - 204*h + 102. Let r be c(9). What is the greatest common divisor of r and 60?
30
Let f = 507 + 188. What is the greatest common divisor of f and 278?
139
Let g(t) = t**3 + 54*t**2 - 278*t - 98. Let n be g(-58). What is the highest common factor of n and 50?
10
Let g(k) = -25*k - 206. Let l be g(-9). Suppose 0 = -l*y + 728 + 184. What is the highest common divisor of y and 80?
16
Let o(f) = f**2 - 6*f - 6. Let y be o(-5). Suppose -15 = 5*p, 2*p - 102 = x - 304. Calculate the highest common divisor of y and x.
49
Suppose -2297 - 1553 = -35*f. Suppose n = 13 - 3. Calculate the highest common divisor of f and n.
10
Let z(a) = -a**3 - 50*a**2 - 35*a - 1732. Let d be z(-50). What is the highest common divisor of d and 38?
2
Let r = 34 - 31. Suppose m = -2*l + 2, 2 = 5*m - 4*m - r*l. Suppose 0 = m*z - 96 - 34. Calculate the highest common factor of 13 and z.
13
Suppose -1613 = -2*v + 5*r, 3*r - 25 = -16. What is the greatest common factor of v and 66?
22
Let z be 1459 + 5/(2/(-2))*(-27)/135. Calculate the highest common divisor of z and 4.
4
Suppose 428*t - 477*t + 4557 = 0. What is the highest common divisor of 9393 and t?
93
Suppose 0 = 5*h + 2*x - 796, -h + 78*x + 180 = 81*x. Calculate the highest common divisor of h and 4758.
78
Let f(p) = -p**3 - 14*p**2 + 230*p + 36. Let r be f(-24). Calculate the greatest common divisor of 780 and r.
12
Suppose 0 - 24 = -6*y. Suppose -4*z + 90 = i, 0 = -y*i - 4*z + 176 + 136. What is the greatest common factor of i and 333?
37
Let a be (-25)/((-1725)/23)*75. What is the highest common divisor of a and 12475?
25
Let z(v) = v**2 + 9 + 3 + 8*v - 3 + 6. Let t be z(-6). Let x be t - ((-2)/8 - 460/16). What is the highest common factor of 4 and x?
4
Let j = 5164 + -5125. What is the highest common divisor of 645 and j?
3
Let d(w) = 6*w + 102. Let v be d(-13). Suppose -v*z - 240 = -9312. Calculate the greatest common factor of 84 and z.
42
Let a(d) = 522*d**2 - 2066*d + 7. Let n be a(4). What is the highest common factor of 19950 and n?
95
Let a = 2988 + -2951. What is the highest common factor of 185 and a?
37
Let g = 172 + 41. Suppose -g - 11 = -8*m. Suppose 5*d - 182 = -3*w + 156, 0 = d - 2*w - 78. Calculate the highest common factor of m and d.
14
Suppose -t - 3*c + 11 = 0, 0 = -t + 5*c - 5. Suppose -45 = -t*y + 2*z, 5*y - 4*z + 8 = 53. What is the greatest common divisor of y and 12?
3
Let a(v) = -v**3 + 3*v**2 - 10. Let q be a(-2). Suppose 0 = 2*d - q + 6. Calculate the highest common factor of d and 6.
2
Let v be 110 - 103 - 122/(-2). Suppose r = -3*k - 4*r - 25, 50 = -2*k + 5*r. Let o = k + 32. What is the greatest common divisor of v and o?
17
Let n(q) = -q - 2. Let v be n(-5). Suppose 2*t - 1 + 3 = 3*c, -v*t = 2*c - 23. Suppose 10*z - 50 = t*z. What is the greatest common factor of z and 10?
10
Let w = 370 - 349. Suppose -220 = -g - w*g. What is the highest common factor of g and 830?
10
Let y be 6 - (545 - (-12)/3). Let l = y - -647. Calculate the greatest common factor of l and 8.
8
Let l(u) = -5*u**3 - u**2 - 11*u - 55. Let x be l(-3). What is the highest common factor of x and 676?
52
Let b = 321 - 175. Let y = b + -118. Let u(l) = -l**2 - 16*l - 13. Let f be u(-11). What is the greatest common factor of y and f?
14
Suppose 14*x + 65 = 9*x. Let g(k) = 4*k + 60. Let r be g(x). Let c = 36 + -20. What is the greatest common factor of c and r?
8
Let n(v) = -3*v**3 - 13*v**2 + 33*v - 17. Let y be n(-13). What is the highest common factor of 28 and y?
28
Suppose -3*z - 3*z = -12. Suppose 2*l = -3*q + 30, -z*q + 3*l + 14 = -6. Let f = 38 + q. Calculate the highest common factor of 12 and f.
12
Let h(q) = -q**3 + 10*q**2 + 8*q + 16. Let o be h(12). Let b = o + 218. What is the greatest common divisor of 63 and b?
21
Let i = 3 + -1. Suppose -1 = -i*j + j, -5*j + 170 = 5*b. Suppose 4*s - 2*g = -g + 91, -3*g = -2*s + b. What is the highest common factor of s and 6?
6
Let s = 35007 + -27525. What is the greatest common divisor of s and 174?
174
Let v = -311 + 304. Let w(d) = -93*d - 7. Let s be w(v). What is the highest common divisor of 28 and s?
28
Let c(f) = -f**3 - 18*f**2 + 43*f - 196. Let v be c(-37). Calculate the greatest common divisor of 64 and v.
32
Suppose -4*u = -8*u - 16, 277 = 5*c + 2*u. Let t = -34 + c. Suppose -90 = -t*j + 18*j. What is the highest common factor of j and 2?
2
Let l be -36*(-1 - 222/18). Let b = l - 342. What is the greatest common divisor of b and 345?
69
Let g = 281 + -281. Suppose -5*p - 23 + 3 = g, p = -b + 18. Let x(u) = 13*u + 3. Let v be x(4). Calculate the greatest common factor of b and v.
11
Let h(z) = -189*z + 351. Let x be h(-3). Calculate the highest common divisor of x and 34.
34
Suppose -4*t + 5*v = -328, -9*v = -5*t - 13*v + 328. Suppose -3*u + 2*i + 122 = 0, -2*u = 5*i + 5 - 80. What is the highest common factor of u and t?
8
Suppose -6*d + 2*d + 12 = 0. Suppose d*p + 27 = 2*j, 2*p + 10 - 4 = 0. Let t(a) = 109*a - 800. Let y be t(8). What is the greatest common divisor of y and j?
9
Suppose 0 = -201*k + 205*k - 1492. Let w = -141 + k. What is the greatest common divisor of 174 and w?
58
Let v(c) = 23*c + 184. Let g be v(-8). Suppose -2*t + 5*m = -1312, 5*t - 5*m + 2091 - 5341 = g. What is the greatest common factor of 34 and t?
34
Let x = 36 + -33. Let r(d) = 6*d - 7. Let p be r(4). Suppose -44 + p = -3*s. What is the highest common divisor of s and x?
3
Let j = 955 - 946. Suppose 0 = 4*o - 3*d + 146, 4*o - 5*d = -0*o - 150. Let s be 252/o*(-10)/4. What is the greatest common factor of j and s?
9
Suppose 160*l + 18 = 84*l + 85*l. What is the greatest common divisor of l and 804?
2
Let u(b) = -55*b - 208. Let i be u(-4). What is the greatest common divisor of 1026 and i?
6
Let j(r) = -4005*r + 3225. Let g be j(-8). Calculate the greatest common divisor of 15 and g.
15
Let t(n) = -540*n + 7599. Let s be t(14). Let z be (-316)/(-2) + (-1 - 1). What is the highest common factor of s and z?
39
Suppose 14133 - 2534 = b + 2*f, 0 = -f - 3. Calculate the greatest common divisor of b and 110.
55
Let a = 5741 - 5096. Calculate the greatest common divisor of a and 255.
15
Suppose 0 = 251*s - 263*s + 3648. Calculate the highest common factor of s and 64.
16
Suppose 154*x - 145*x = 55539. Suppose 795 = 27*c - x. What is the highest common factor of c and 344?
86
Suppose -2505 = -15*m - 555. Calculate the highest common factor of m and 40.
10
Let r(q) = -39*q + 337. Let n be r(-21). What is the greatest common factor of 204 and n?
68
Suppose 0 = -w - 0*n - 2*n - 8, 2*w - 19 = 3*n. Let i be 9/(-2 + 9*w/6). Calculate the highest common factor of 63 and i.
9
Let n be -5 + (-84)/(-16) - (-75942)/72. What is the highest common factor of 90 and n?
5
Let q(o) = -26*o. Let p be q(-5). Let y(i) = 35*i + 1480. Let a be y(-42). Calculate the greatest common divisor of p and a.
10
Let y = -79 + 83. Suppose 0 = w - 3*a - y, -2*a - a = w + 2. Calculate the highest common factor of w and 1.
1
Suppose -180 - 445 = -5*l. Suppose -14 - 136 = -2*m. Calculate the greatest common factor of l and m.
25
Let o = 291 - 158. Let n = 259 + -240. Calculate the greatest common factor of o and n.
19
Let b be -6 - (178/(-5))/(4/10). What is the greatest common factor of 1 and b?
1
Let b = 39 - 35. Let a be (0 - (-467 - -3))*6/b. Suppose 15*i - 7*i - a = 0. What is the highest common divisor of i and 29?
29
Suppose 0 = -85*h - 23*h + 504144. Calculate the g